{"version":"1.0","provider_name":"MADrid","provider_url":"https:\/\/madrid.cafeblog.hu","author_name":"AlmA","author_url":"https:\/\/madrid.cafeblog.hu\/author\/cukorborso\/","title":"\u00c9szak","html":"<p>A h\u00e9tv\u00e9g\u00e9t \u00e9szakon t\u00f6lt\u00f6tt\u00fck. Kocsit b\u00e9relt\u00fcnk \u00e9s szombat kora hajnalban nekiv\u00e1gtunk.<\/p>\r\n<p>\u00datk\u00f6zben meg\u00e1lltunk Burgosban reggelizni, visszah\u00fazott a sz\u00edvem, sok sz\u00e9p eml\u00e9k k\u00f6t oda.<\/p>\r\n<p><a href=\"https:\/\/madrid.cafeblog.hu\/files\/2016\/08\/P8201744.jpg\"><img class=\"alignnone size-medium wp-image-185\" src=\"https:\/\/madrid.cafeblog.hu\/files\/2016\/08\/P8201744-300x225.jpg\" alt=\"P8201744\" width=\"300\" height=\"225\" \/><\/a><\/p>\r\n<p>Amikor meg\u00e9rkezt\u00fcnk, neki\u00e1lltunk gyorsan hegyet m\u00e1szni. Nem nagyon n\u00e9zt\u00fcnk ut\u00e1na, mi merre van (vagyis pr\u00f3b\u00e1ltunk, de nem annyira siker\u00fclt), \u00edgy kb a Picos de Europa t\u00e1bl\u00e1kat k\u00f6vetve kik\u00f6t\u00f6tt\u00fcnk valahol. Innen valami sikl\u00f3 szer\u0171 iz\u00e9, feljebb vitt minket, ahol elkezdt\u00fck az igazi t\u00far\u00e1t. Azt \u00edrt\u00e1k, hogy a cs\u00facs kb 75 perc. Nyilv\u00e1n nem a mi temp\u00f3nkban... Majnem k\u00e9t \u00f3ra ut\u00e1n j\u00f6tt a k\u00f6vetkez\u0151 t\u00e1bla, hogy m\u00e1r csak 35 perc... \u00d6\u00f6\u00f6, h\u00e1t k\u00f6szi. Nem nagyon ment\u00fcnk tov\u00e1bb. Pedig nagyon szerett\u00fck volna el\u00e9rni a felh\u0151ket (ami am\u00fagy re\u00e1lis c\u00e9lkit\u0171z\u00e9s volt).<\/p>\r\n<p>&nbsp;<\/p>\r\n<p><a href=\"https:\/\/madrid.cafeblog.hu\/files\/2016\/08\/P8201764.jpg\"><img class=\"alignnone wp-image-186 size-medium\" src=\"https:\/\/madrid.cafeblog.hu\/files\/2016\/08\/P8201764-e1471962661265-225x300.jpg\" alt=\"P8201764\" width=\"225\" height=\"300\" \/><\/a> <a href=\"https:\/\/madrid.cafeblog.hu\/files\/2016\/08\/P8201853.jpg\"><img class=\"alignnone size-medium wp-image-187\" src=\"https:\/\/madrid.cafeblog.hu\/files\/2016\/08\/P8201853-300x225.jpg\" alt=\"P8201853\" width=\"300\" height=\"225\" \/><\/a> <a href=\"https:\/\/madrid.cafeblog.hu\/files\/2016\/08\/P8201794.jpg\"><img class=\"alignnone size-medium wp-image-188\" src=\"https:\/\/madrid.cafeblog.hu\/files\/2016\/08\/P8201794-300x225.jpg\" alt=\"P8201794\" width=\"300\" height=\"225\" \/><\/a> <a href=\"https:\/\/madrid.cafeblog.hu\/files\/2016\/08\/P8201811.jpg\"><img class=\"alignnone size-medium wp-image-189\" src=\"https:\/\/madrid.cafeblog.hu\/files\/2016\/08\/P8201811-300x225.jpg\" alt=\"P8201811\" width=\"300\" height=\"225\" \/><\/a> <a href=\"https:\/\/madrid.cafeblog.hu\/files\/2016\/08\/P8201846.jpg\"><img class=\"alignnone size-medium wp-image-190\" src=\"https:\/\/madrid.cafeblog.hu\/files\/2016\/08\/P8201846-300x225.jpg\" alt=\"P8201846\" width=\"300\" height=\"225\" \/><\/a><\/p>\r\n<p>&nbsp;<\/p>\r\n<p>A t\u00far\u00e1z\u00e1s ut\u00e1n lement\u00fcnk az \u00f3ce\u00e1npartra egy kis id\u0151re. Itt homokos a tengerpart, de a partszakasz maga v\u00e9gig szikl\u00e1s (k\u00e9p). \u00cdgy k\u00f6nnyen \u00e9rezhet\u0151, hogy a v\u00edznek mekkora ereje is van. Csak \u00fagy csapkodtak a hull\u00e1mok, gy\u00f6ny\u00f6r\u0171 volt. Miut\u00e1n t\u00faljutottunk az els\u0151 csod\u00e1lkoz\u00e1son, elment\u00fcnk sz\u00e1ll\u00e1st keresni. Szerencs\u00e9nk volt, mert a kiszemelt kempingben megszerezt\u00fck a legutols\u00f3 s\u00e1torhelyet. S\u00e1tor\u00e1ll\u00edt\u00e1s ut\u00e1n vissza a partra, egy m\u00e1sik r\u00e9sz\u00e9re, de m\u00e1r s\u00f6t\u00e9tben. A hold nemr\u00e9g \"kelt\" fel, megvil\u00e1g\u00edtotta az \u00f3ce\u00e1nt \u00e9s a szikl\u00e1kat. L\u00e9legzetel\u00e1ll\u00edt\u00f3.<\/p>\r\n<p><a href=\"https:\/\/madrid.cafeblog.hu\/files\/2016\/08\/P8201902.jpg\"><img class=\"alignnone size-medium wp-image-191\" src=\"https:\/\/madrid.cafeblog.hu\/files\/2016\/08\/P8201902-300x225.jpg\" alt=\"P8201902\" width=\"300\" height=\"225\" \/><\/a><\/p>\r\n<p>&nbsp;<\/p>\r\n<p>\u00c9jjel s\u00e1torban\/kocsiban aludtunk, ahol majd megfagytunk (13 fok), de t\u00fal\u00e9lt\u00fck<\/p>\r\n<p>Reggel vissza a partra... Vil\u00e1gosban kider\u00fclt, hogy is n\u00e9z ki ez a part igaz\u00e1b\u00f3l. Hatalmas homokos part, \u00f3ri\u00e1si szikl\u00e1kkal. El\u00e9g hideg volt a v\u00edz, de az\u00e9rt f\u00fcr\u00f6dt\u00fcnk, b\u00e1r \u00e9n nem sok\u00e1ig. Mikor siker\u00fclt be\u00e9rnem a nyakik \u00e9r\u0151 hull\u00e1mokhoz, a saj\u00e1t b\u0151r\u00f6m\u00f6n is megtapasztaltam a v\u00edz erej\u00e9t. S\u00e9t\u00e1lva nem tudtam kij\u00f6nni, olyan er\u0151sen h\u00fazott vissza a k\u00f6vetkez\u0151 hull\u00e1m, de szerencs\u00e9re arra siker\u00fclt felfek\u00fcdni. A bar\u00e1tn\u0151met pedig lenyomta a v\u00edz al\u00e1, neki se akkor siker\u00fclt felsz\u00ednre j\u00f6nnie ut\u00e1na, amikor szeretett volna. Izgalmas. Nem v\u00e9letlen, hogy folyamatosan bent volt a ment\u0151cs\u00f3nak, s\u0151t d\u00e9lut\u00e1n az egyik szakaszon m\u00e1r be se engedt\u00e9k a v\u00edzbe a strandol\u00f3kat.<\/p>\r\n<p>De besz\u00e9ljenek a k\u00e9pek:<\/p>\r\n<p><a href=\"https:\/\/madrid.cafeblog.hu\/files\/2016\/08\/P8212230.jpg\"><img class=\"alignnone size-medium wp-image-192\" src=\"https:\/\/madrid.cafeblog.hu\/files\/2016\/08\/P8212230-300x196.jpg\" alt=\"P8212230\" width=\"300\" height=\"196\" \/><\/a> <a href=\"https:\/\/madrid.cafeblog.hu\/files\/2016\/08\/P8212290.jpg\"><img class=\"alignnone size-medium wp-image-193\" src=\"https:\/\/madrid.cafeblog.hu\/files\/2016\/08\/P8212290-300x225.jpg\" alt=\"P8212290\" width=\"300\" height=\"225\" \/><\/a> <a href=\"https:\/\/madrid.cafeblog.hu\/files\/2016\/08\/P8212370.jpg\"><img class=\"alignnone size-medium wp-image-194\" src=\"https:\/\/madrid.cafeblog.hu\/files\/2016\/08\/P8212370-300x225.jpg\" alt=\"P8212370\" width=\"300\" height=\"225\" \/><\/a> <a href=\"https:\/\/madrid.cafeblog.hu\/files\/2016\/08\/P8212000.jpg\"><img class=\"alignnone size-medium wp-image-195\" src=\"https:\/\/madrid.cafeblog.hu\/files\/2016\/08\/P8212000-300x225.jpg\" alt=\"P8212000\" width=\"300\" height=\"225\" \/><\/a> <a href=\"https:\/\/madrid.cafeblog.hu\/files\/2016\/08\/P8212025.jpg\"><img class=\"alignnone size-medium wp-image-196\" src=\"https:\/\/madrid.cafeblog.hu\/files\/2016\/08\/P8212025-300x225.jpg\" alt=\"P8212025\" width=\"300\" height=\"225\" \/><\/a> <a href=\"https:\/\/madrid.cafeblog.hu\/files\/2016\/08\/P8212256.jpg\"><img class=\"alignnone size-medium wp-image-197\" src=\"https:\/\/madrid.cafeblog.hu\/files\/2016\/08\/P8212256-300x225.jpg\" alt=\"P8212256\" width=\"300\" height=\"225\" \/><\/a> <a href=\"https:\/\/madrid.cafeblog.hu\/files\/2016\/08\/P8212278.jpg\"><img class=\"alignnone size-medium wp-image-198\" src=\"https:\/\/madrid.cafeblog.hu\/files\/2016\/08\/P8212278-300x204.jpg\" alt=\"P8212278\" width=\"300\" height=\"204\" \/><\/a><\/p>","type":"rich","thumbnail_url":"https:\/\/madrid.cafeblog.hu\/files\/2016\/08\/P8201907-150x150.jpg","thumbnail_width":150,"thumbnail_height":150}

Észak

<p>A hétvégét északon töltöttük. Kocsit béreltünk és szombat kora hajnalban nekivágtunk.</p>
<p>Útközben megálltunk Burgosban reggelizni, visszahúzott a szívem, sok szép emlék köt oda.</p>
<p><a href="https://madrid.cafeblog.hu/files/2016/08/P8201744.jpg"><img class="alignnone size-medium wp-image-185" src="https://madrid.cafeblog.hu/files/2016/08/P8201744-300x225.jpg" alt="P8201744" width="300" height="225" /></a></p>
<p>Amikor megérkeztünk, nekiálltunk gyorsan hegyet mászni. Nem nagyon néztünk utána, mi merre van (vagyis próbáltunk, de nem annyira sikerült), így kb a Picos de Europa táblákat követve kikötöttünk valahol. Innen valami sikló szerű izé, feljebb vitt minket, ahol elkezdtük az igazi túrát. Azt írták, hogy a csúcs kb 75 perc. Nyilván nem a mi tempónkban... Majnem két óra után jött a következő tábla, hogy már csak 35 perc... Ööö, hát köszi. Nem nagyon mentünk tovább. Pedig nagyon szerettük volna elérni a felhőket (ami amúgy reális célkitűzés volt).</p>
<p>&nbsp;</p>
<p><a href="https://madrid.cafeblog.hu/files/2016/08/P8201764.jpg"><img class="alignnone wp-image-186 size-medium" src="https://madrid.cafeblog.hu/files/2016/08/P8201764-e1471962661265-225x300.jpg" alt="P8201764" width="225" height="300" /></a> <a href="https://madrid.cafeblog.hu/files/2016/08/P8201853.jpg"><img class="alignnone size-medium wp-image-187" src="https://madrid.cafeblog.hu/files/2016/08/P8201853-300x225.jpg" alt="P8201853" width="300" height="225" /></a> <a href="https://madrid.cafeblog.hu/files/2016/08/P8201794.jpg"><img class="alignnone size-medium wp-image-188" src="https://madrid.cafeblog.hu/files/2016/08/P8201794-300x225.jpg" alt="P8201794" width="300" height="225" /></a> <a href="https://madrid.cafeblog.hu/files/2016/08/P8201811.jpg"><img class="alignnone size-medium wp-image-189" src="https://madrid.cafeblog.hu/files/2016/08/P8201811-300x225.jpg" alt="P8201811" width="300" height="225" /></a> <a href="https://madrid.cafeblog.hu/files/2016/08/P8201846.jpg"><img class="alignnone size-medium wp-image-190" src="https://madrid.cafeblog.hu/files/2016/08/P8201846-300x225.jpg" alt="P8201846" width="300" height="225" /></a></p>
<p>&nbsp;</p>
<p>A túrázás után lementünk az óceánpartra egy kis időre. Itt homokos a tengerpart, de a partszakasz maga végig sziklás (kép). Így könnyen érezhető, hogy a víznek mekkora ereje is van. Csak úgy csapkodtak a hullámok, gyönyörű volt. Miután túljutottunk az első csodálkozáson, elmentünk szállást keresni. Szerencsénk volt, mert a kiszemelt kempingben megszereztük a legutolsó sátorhelyet. Sátorállítás után vissza a partra, egy másik részére, de már sötétben. A hold nemrég "kelt" fel, megvilágította az óceánt és a sziklákat. Lélegzetelállító.</p>
<p><a href="https://madrid.cafeblog.hu/files/2016/08/P8201902.jpg"><img class="alignnone size-medium wp-image-191" src="https://madrid.cafeblog.hu/files/2016/08/P8201902-300x225.jpg" alt="P8201902" width="300" height="225" /></a></p>
<p>&nbsp;</p>
<p>Éjjel sátorban/kocsiban aludtunk, ahol majd megfagytunk (13 fok), de túléltük</p>
<p>Reggel vissza a partra... Világosban kiderült, hogy is néz ki ez a part igazából. Hatalmas homokos part, óriási sziklákkal. Elég hideg volt a víz, de azért fürödtünk, bár én nem sokáig. Mikor sikerült beérnem a nyakik érő hullámokhoz, a saját bőrömön is megtapasztaltam a víz erejét. Sétálva nem tudtam kijönni, olyan erősen húzott vissza a következő hullám, de szerencsére arra sikerült felfeküdni. A barátnőmet pedig lenyomta a víz alá, neki se akkor sikerült felszínre jönnie utána, amikor szeretett volna. Izgalmas. Nem véletlen, hogy folyamatosan bent volt a mentőcsónak, sőt délután az egyik szakaszon már be se engedték a vízbe a strandolókat.</p>
<p>De beszéljenek a képek:</p>
<p><a href="https://madrid.cafeblog.hu/files/2016/08/P8212230.jpg"><img class="alignnone size-medium wp-image-192" src="https://madrid.cafeblog.hu/files/2016/08/P8212230-300x196.jpg" alt="P8212230" width="300" height="196" /></a> <a href="https://madrid.cafeblog.hu/files/2016/08/P8212290.jpg"><img class="alignnone size-medium wp-image-193" src="https://madrid.cafeblog.hu/files/2016/08/P8212290-300x225.jpg" alt="P8212290" width="300" height="225" /></a> <a href="https://madrid.cafeblog.hu/files/2016/08/P8212370.jpg"><img class="alignnone size-medium wp-image-194" src="https://madrid.cafeblog.hu/files/2016/08/P8212370-300x225.jpg" alt="P8212370" width="300" height="225" /></a> <a href="https://madrid.cafeblog.hu/files/2016/08/P8212000.jpg"><img class="alignnone size-medium wp-image-195" src="https://madrid.cafeblog.hu/files/2016/08/P8212000-300x225.jpg" alt="P8212000" width="300" height="225" /></a> <a href="https://madrid.cafeblog.hu/files/2016/08/P8212025.jpg"><img class="alignnone size-medium wp-image-196" src="https://madrid.cafeblog.hu/files/2016/08/P8212025-300x225.jpg" alt="P8212025" width="300" height="225" /></a> <a href="https://madrid.cafeblog.hu/files/2016/08/P8212256.jpg"><img class="alignnone size-medium wp-image-197" src="https://madrid.cafeblog.hu/files/2016/08/P8212256-300x225.jpg" alt="P8212256" width="300" height="225" /></a> <a href="https://madrid.cafeblog.hu/files/2016/08/P8212278.jpg"><img class="alignnone size-medium wp-image-198" src="https://madrid.cafeblog.hu/files/2016/08/P8212278-300x204.jpg" alt="P8212278" width="300" height="204" /></a></p>
